 2347/4 + 7 - (-1)/4.
2, 3, 11
Let i(t) = 4*t - 14. Let g be (-12 + 16)/(2/1). Suppose 5*s + 3*c = 27, g*s + 4*c - 8 = -0*c. What are the prime factors of i(s)?
2, 5
Suppose -u - 2*y = -398, 6*y = -4*u + y + 1577. What are the prime factors of u?
2, 97
Let d(v) be the second derivative of v**5/20 - 7*v**4/12 + 4*v**3/3 - 5*v**2 + 6*v. What are the prime factors of d(7)?
2, 23
Suppose 2*b + 631 = 5*m + 9, 2*b - 3*m = -618. Let x = -164 - b. What are the prime factors of x?
2, 71
Let i(g) = -3*g - 5. Let t be i(-16). Suppose -4*v + 76 = -2*x, -4*v + v - 2*x + t = 0. What are the prime factors of v?
17
Let p be 52/7 - (-1)/((-7)/3). Suppose p*r - 3 - 18 = 0. What are the prime factors of r?
3
Let k(x) = -x + 1. Let z(u) = -1. Let y(b) = 4*k(b) - z(b). What are the prime factors of y(-13)?
3, 19
List the prime factors of (38/(-190))/((-2)/11030).
1103
Let c be ((-12)/24)/((-1)/(-6)). Let j(q) = 18*q + 7. Let g be j(c). Let v = -32 - g. List the prime factors of v.
3, 5
Let g(m) = -2*m**3 - 13*m**2 - 17*m - 17. Let b(n) = n**3 + n - 1. Let q(y) = -3*b(y) - g(y). Let f be q(14). List the prime factors of 344/f - 1/5.
17
Let f = 758 - -133. List the prime factors of (f/36)/((-6)/(-16)).
2, 3, 11
Let t be 6/(-21) - 354/(-14). Suppose -5*h - t = 0, 0 = 4*r - 2*h + 8 - 34. Suppose -5*d + 165 = r*l, -l + d - 222 = -6*l. What are the prime factors of l?
3, 5
Let u be -25*(-16 + 1 + 2). Suppose -6*z + u = -z. List the prime factors of z.
5, 13
Suppose 0 = 6*a - 4*a + 2*h - 8, 5*h - 20 = 5*a. Suppose -9*t + 15*t - 792 = a. What are the prime factors of t?
2, 3, 11
Let y(z) = 3*z**2 - 17*z - 49. List the prime factors of y(15).
7, 53
Let n = 3 - -19. Let p be (-8)/(1*(-2)/n). Suppose 3*g + p = 2*x, 3*g + 2*g = -2*x + 120. List the prime factors of x.
2, 5
Let y(a) = -4 - 5*a**3 - 7*a**2 + 4*a**3 + 151*a - 159*a. Suppose 3 - 27 = 4*s. List the prime factors of y(s).
2
Let g(q) = 29*q - 13. What are the prime factors of g(14)?
3, 131
Let t = -1185 - -1159. Let m(b) = -4*b. Let h be m(-1). What are the prime factors of (-1443)/t + (-2)/h?
5, 11
Suppose -4*t = -5*k + 465, 5*k + 0*t + 4*t = 465. Let b = -146 + k. Let p = -38 - b. What are the prime factors of p?
3, 5
Let i(l) = 652*l**3 - 2*l**2 + 2. What are the prime factors of i(1)?
2, 163
Let d(y) = -19*y - 9. Let r = -36 - -31. What are the prime factors of d(r)?
2, 43
Let c(w) = -w**2 - 5*w + 17. Let a be c(-7). List the prime factors of -15*(0 + 2 - a).
3, 5
Suppose 6*d - 3*d - 24 = 0. Suppose d*j - 817 = 719. What are the prime factors of j?
2, 3
Suppose 3*z + 44 = 2*n, 5*n + 0*z - z - 110 = 0. Let i = -13 + n. Suppose -i*p = -13*p + 92. List the prime factors of p.
23
Let o = 5707 - 2867. What are the prime factors of o?
2, 5, 71
Let m(q) = q**2 + 2*q + 8. Let k be (-50)/4 + (-6)/(-4). List the prime factors of m(k).
107
Let z(d) = d**2 + 9*d + 12. Let t be z(-8). Let w be (-1)/(t/8*-1). Suppose 4 = -2*v - 4, -w*u + v + 60 = 0. List the prime factors of u.
2, 7
Let k(y) = 10*y + 2. Let p be (-12)/(-36) + -1 + 38/3. List the prime factors of k(p).
2, 61
Let i = 422 + -100. Suppose i = 4*c + 2*r, -c = -r - 46 - 30. List the prime factors of c.
79
Suppose 0 = -k + 3*s - 1 - 5, -9 = -2*k - s. Suppose 55 = d + k*j, 14 = 4*d - 3*j - 221. List the prime factors of d.
2, 29
Let p be (-133)/(-35) - 4/5. Suppose 0 = p*j - 138 - 36. What are the prime factors of j?
2, 29
Suppose 34*t + 25139 = 90589. List the prime factors of t.
5, 7, 11
Let r(d) = 105*d - 56. Let y(t) = 35*t - 19. Let s(x) = -2*r(x) + 7*y(x). List the prime factors of s(4).
7, 17
Let j(k) be the second derivative of k**4/12 - 5*k**3/6 + 6*k**2 + 5*k. Let z be j(11). Suppose -86 = -4*n + z. List the prime factors of n.
41
Let n = 1939 + -1277. List the prime factors of n.
2, 331
Suppose -4*w = -0 - 8. Suppose -39 + 8 = -w*j - k, 4*k = -4*j + 60. Suppose -2*d + j = -2. What are the prime factors of d?
3
Let n(v) = -10 - 45*v + 47*v + 56*v. What are the prime factors of n(3)?
2, 41
Let t(v) = -19*v**2 + 4*v + 4. Let o be t(-4). Let h be -1 - o - (6 + -8). Suppose -9*c + 115 = -h. List the prime factors of c.
2, 3
Let m(u) = -u**3 - 19*u**2 - 29*u - 28. List the prime factors of m(-20).
2, 7, 17
Suppose -3*y - 4*s + 650 = 0, -3*y - 5*s = -0*s - 646. List the prime factors of y.
2, 3, 37
Let y(w) = w**3 + 7*w**2 - 2*w - 10. Let x be y(-7). Let z be x/30 - 39/(-45). What are the prime factors of z*69*24/36?
2, 23
Let k = 1439 + 1509. What are the prime factors of k?
2, 11, 67
Let f be (30 + 1)/(2 - 3). Let k(v) = 11*v - 12. Let y be k(6). Let g = y + f. List the prime factors of g.
23
Suppose 9 = 5*n + 4. List the prime factors of (-1 - n)/(-5*(-8)/(-920)).
2, 23
Suppose 0*o - 8 = -4*o. List the prime factors of (-1)/o*(-4 - 32).
2, 3
Let c = -167 + 822. List the prime factors of c.
5, 131
Let l = -3 + 11. What are the prime factors of 36 + 4 + l/(-1)?
2
Let d = 239 - -1087. List the prime factors of d.
2, 3, 13, 17
Suppose -v = -6*v - 25. Let y be (-9)/(-15) - (-18)/v. Let z = 14 + y. What are the prime factors of z?
11
Let p(u) be the third derivative of 7*u**6/720 - u**5/120 + u**4/4 + 6*u**2. Let n(x) be the second derivative of p(x). List the prime factors of n(3).
2, 5
Suppose 0 = -q - 4*x + 8*x - 88, -2*q = -2*x + 176. Let w be ((-18)/(-8))/((-3)/q). Suppose -k + w = k. What are the prime factors of k?
3, 11
Suppose -103*m - 288 = -99*m. Let f = 2 - m. What are the prime factors of f?
2, 37
Let l be (-341)/(-7) + 82/287. Suppose 41*k + 2320 = l*k. What are the prime factors of k?
2, 5, 29
What are the prime factors of (-1 + 2)/((-17)/(-38573))?
2269
Suppose -13*a = 9*a - 10032. What are the prime factors of a?
2, 3, 19
Let c(i) = -1 + 4*i + 6 + 0 + 3. Let o be c(-4). List the prime factors of (o + 4 - -59) + 2.
3, 19
What are the prime factors of 1 + 6730/14 - 42/(-147)?
2, 241
Let j(y) = y**2 + 5*y + 4. Let b = -3 + -6. What are the prime factors of j(b)?
2, 5
Suppose 1826 = 2*t - 4*w + 392, -2*t + 5*w + 1429 = 0. List the prime factors of t.
727
Suppose 4*p - 4*x = 140, -6*x = 4*p - 2*x - 172. List the prime factors of p.
3, 13
Let j be 1/((1 - -1)/(-6)). List the prime factors of j - (-9)/((-9)/(-118)).
5, 23
Let w(o) = -o**2 + 2*o + 24. Let d be w(7). Let p = d + 181. List the prime factors of p.
2, 5, 17
Suppose -4*u + 3718 = 5*j, 2*u + 3*u = -3*j + 4654. List the prime factors of u.
2, 233
Let n(r) = -2*r + 38. Let m be n(19). Suppose 4*j = -4*x + 144, -2*j + m*j - 4*x = -82. What are the prime factors of j?
31
Suppose 3*x - c - 7495 = 0, x + 80*c - 82*c - 2500 = 0. List the prime factors of x.
2, 1249
Let h(v) = -28*v - 278. List the prime factors of h(-47).
2, 3, 173
List the prime factors of (-700 + -5)*40/(-50).
2, 3, 47
Let v = -99 + 337. What are the prime factors of (-16)/(-20)*(v + -3)?
2, 47
List the prime factors of 2 + (-1)/(-1) - (-1440)/4.
3, 11
Suppose 543 = m + 65. List the prime factors of m.
2, 239
Suppose -2*d - 9 + 1 = 2*k, 24 = 4*d - 4*k. Let z be d - (0 + 0) - 10. Let a(w) = w**2 + 8*w + 2. What are the prime factors of a(z)?
11
Suppose -28 - 28 = -14*p. Let s(z) = z**3 + 7*z**2 - 2*z - 3. What are the prime factors of s(p)?
3, 5, 11
Suppose -5*i + 15 = 0, -4*d = -d - 3*i + 24. List the prime factors of 2/d + (-254)/(-10).
5
Let i = -11 - -16. Suppose -4*c + v + 252 = 0, -73 - 225 = -i*c - 3*v. What are the prime factors of c?
2, 31
Suppose i = p - 157, -4*p + 2*p - i = -308. Let n = 280 - p. What are the prime factors of n?
5
Suppose -4*c + 23951 = z, -89*c + 84*c + 4*z = -29923. What are the prime factors of c?
5987
Let h(v) = 6*v**2 - 24*v + 25. List the prime factors of h(16).
11, 107
Suppose 3*b - 31 = 4*n + 55, -130 = -5*b + 4*n. List the prime factors of (-4)/22 - (-1478)/b.
67
Let q be (12/(-3) + 2)/2. Let v(l) = 4*l**2 - l - 1. Let b be v(q). Suppose 0 = b*m - 5*m + 5. What are the prime factors of m?
5
Let v be (-50)/3*(1 - (1 - -6)). Suppose 74*r - 72*r - v = 0. What are the prime factors of r?
2, 5
Suppose 31*x - 36*x + 70 = 0. Suppose l + x - 39 = 0. List the prime factors of l.
5
Let d(i) = 2*i - 10. Let t be d(7). Suppose o - 2 = t. Suppose -65 = -5*y + o*q - q, -39 = -3*y + 2*q. List the prime factors of y.
13
Let x(h) = 3*h - 4. Let o = -7 + -4. Let l(c) = -8*c + 12. Let m(i) = o*x(i) - 4*l(i). Wha